be h(b). Suppose 5*z = g*z + 12. What is the highest common factor of 8 and z?
4
Suppose -c = -j - 1, 4*c + 0*c - 8 = 2*j. Let s be ((-2)/(-4))/(c/150). What is the greatest common divisor of 175 and s?
25
Let o(c) = -c + 19. Let j be o(-6). What is the highest common factor of 5 and j?
5
Let s(k) = 4*k**2 - 3*k. Let x be s(2). Suppose 0 = 2*f + 6, -f - 43 = -5*y + y. Calculate the highest common factor of x and y.
10
Let h be (-552)/(-5) - 2/5. Let g(d) = d**3 - d**2 + 2*d + 31. Let a be g(0). Let z = a - 20. What is the highest common factor of z and h?
11
Let f be (-1)/(-2 - 9/(-6)). Suppose 0 = 2*v + f*v - 192. What is the highest common factor of v and 32?
16
Suppose 5*q - q - 28 = -4*u, -5*u = -3*q + 5. Let l be (-2)/9 + u/9. Suppose l = -w + 6*w - 5. Calculate the highest common factor of 4 and w.
1
Suppose 0 = 5*m - 468 + 68. What is the highest common divisor of m and 10?
10
Suppose 0*m = m + 5*q - 1, -5*m - 4*q = -89. Suppose 2*j + j = -24. Let i = m + j. Calculate the greatest common factor of i and 143.
13
Let g(a) = -a**3 + 14*a**2 - 12*a + 28. Let y be g(10). What is the greatest common factor of y and 28?
28
Let w(o) = o**2 - 15*o + 4. Let x be w(15). What is the greatest common factor of x and 1?
1
Suppose -3*d + 0*t + 32 = -t, 2*t + 42 = 4*d. Calculate the highest common divisor of 11 and d.
11
Suppose -3*h + p = -5*h + 230, 593 = 5*h - 2*p. Calculate the greatest common factor of 9 and h.
9
Suppose -158 + 53 = -5*q. Let r = -34 - -37. Calculate the greatest common divisor of r and q.
3
Suppose -3*k - u + 49 = 0, 5*u + 4 = -6. Let v = -15 + k. Let y be 11 - (-1 + -2 + 4). What is the greatest common divisor of y and v?
2
Suppose -6*y + 56 = -2*y. Let z be ((-471)/(-4))/(6/16). Suppose -2*h + 160 = n, -2*n - 3*h = -h - z. Calculate the greatest common factor of n and y.
14
Suppose -2*w = -10, 2*w - 4*w = -r - 15. Let g be 33/6*(-6)/(-3). Let v = r + g. Calculate the highest common divisor of v and 6.
6
Let p = -4 - -6. Suppose -45 - 131 = -p*v. What is the highest common divisor of 11 and v?
11
Suppose 2*r - 4*r = -18. Let v = -17 + 9. Let u = 26 + v. What is the greatest common factor of u and r?
9
Suppose -77*y = -78*y + 6. Calculate the highest common divisor of y and 30.
6
Suppose -13 = -h + 40. Calculate the greatest common divisor of 424 and h.
53
Suppose 3*m + m = 160. Calculate the highest common divisor of m and 8.
8
Let m = 22 + -10. Let x = 2 - 0. Suppose h - 4*d + 7 + 9 = 0, -2*h - x*d + 18 = 0. Calculate the greatest common divisor of h and m.
4
Let a = -20 + 33. Calculate the greatest common factor of a and 143.
13
Let c(o) = 3*o**2 - 3*o - 12. Let k be c(5). What is the highest common factor of 32 and k?
16
Suppose 3*z - 16 = 8. What is the highest common divisor of z and 2?
2
Suppose -3*c + 0*c - 5*b + 68 = 0, 2*b = -2*c + 44. Calculate the greatest common divisor of c and 189.
21
Let d be (-430)/(-9) - (2 + 100/(-45)). Calculate the highest common divisor of d and 384.
48
Suppose 0 = -0*s + s - 4*o - 3, 3*s + 2*o - 37 = 0. Calculate the greatest common factor of 88 and s.
11
Let c be 91 + (-1*15)/5. What is the greatest common divisor of 11 and c?
11
Let o = 8 + 22. Let h = -9 + 21. Calculate the greatest common divisor of o and h.
6
Suppose -6 = 5*z + 2*k, 2*k + 9 = 3*z - k. Suppose -m + 4 = z, -2*h - 3*h = m - 64. Calculate the greatest common divisor of h and 30.
6
Let t be (15/3)/(-5) - -43. Calculate the greatest common factor of 28 and t.
14
Suppose -2*f + 1 = -3*j, -4*j + 4*f - 14 + 6 = 0. What is the greatest common divisor of 24 and j?
3
Suppose l = -3*w + 10, -3*w + 3*l = -2*w - 10. Suppose 0 = -w*c + c + 252. Calculate the greatest common divisor of c and 12.
12
Let b be (1 - 0)/(4/24). Let t = 117 + -74. Let f = t + -25. What is the highest common factor of f and b?
6
Let n = 31 - 27. Calculate the greatest common divisor of n and 32.
4
Suppose -4*q = -5*q + 30. What is the greatest common divisor of 20 and q?
10
Let m(o) = -o**3 + 14*o**2 + 35*o + 14. Let c be m(16). What is the highest common factor of c and 682?
62
Let o be (-1)/((-1)/6) + -2. Suppose 2*y = 3*y - 5. Suppose -c + 24 = -3*s, -3*c + 4*s + 112 = y*s. What is the highest common factor of o and c?
4
Let c = 266 + -98. Let n be (-2)/(-6) - c/(-9). What is the greatest common divisor of 95 and n?
19
Let c(d) = 15*d + 12. Let l be c(11). Suppose -2*a - 3*a = 2*p - l, -72 = -p + 3*a. Let i be (-4)/6 - 58/(-6). What is the greatest common divisor of p and i?
9
Let c be (12/48)/(1/8). Calculate the highest common factor of c and 26.
2
Suppose -j - 4*y = 3*j - 16, -5*j + y = -26. Suppose -m + 65 = j*q - 0*m, -5*m = 2*q - 49. What is the greatest common factor of q and 96?
12
Suppose 0*h - 4*d = h + 43, -4*h + 5*d = 88. Let w = 63 + h. Let q be (-12)/(-2)*(-3)/(-2). What is the highest common divisor of w and q?
9
Suppose -4*i = 0, 4*s = -4*i + 27 + 93. What is the highest common factor of 75 and s?
15
Let l(u) = u**3 - 8*u**2 + 6*u + 10. Let a be l(7). Suppose j - 7*x - 18 = -4*x, -3*x = -a*j + 48. What is the highest common factor of j and 3?
3
Suppose -2*n = -7*n + 130. What is the highest common factor of n and 26?
26
Suppose 2*a = 3*m + 17 + 31, 0 = -5*a - 5*m + 120. What is the highest common divisor of 12 and a?
12
Suppose 2*v - 5*b - 3 = 0, v - 2*b + 0*b - 4 = 0. Calculate the greatest common factor of v and 7.
7
Let i(w) = -3*w + 3. Let x be i(-3). Calculate the greatest common factor of x and 12.
12
Suppose 5*s + 10 = 0, -b = -3*s + 7*s - 6. Calculate the greatest common divisor of 14 and b.
14
Suppose -3*d + 6 = 0, -3*u + 2*d + 68 + 156 = 0. Calculate the highest common divisor of 19 and u.
19
Suppose -h - 10 = -6*h. Suppose 4*n = 3*g + 14 - 67, 27 = h*g - n. What is the highest common divisor of g and 33?
11
Let a be 4730/18 + 16/72. Suppose -2*w = 2*s - 7*w - 125, 5*s + 4*w - a = 0. Calculate the highest common factor of s and 5.
5
Let g = 233 + -148. Calculate the highest common factor of g and 17.
17
Let j = 125 - 20. Suppose 3*r = -2*r + 75. Calculate the greatest common factor of r and j.
15
Let l = -12 - -21. Let w = -88 - -151. Calculate the highest common divisor of l and w.
9
Let d(f) = 17*f**2 + 2*f - 1. Let k be d(1). Let v be 31/2 + k/12. What is the highest common factor of 34 and v?
17
Let g be ((-1)/(-3))/((-1)/(-6)). Let d(p) = p - 2 - g + 3*p. Let c be d(3). Calculate the greatest common factor of 56 and c.
8
Let a be -3 + 574 + (1 - 2). Suppose 0*o + 2*j = -4*o + 574, -4*o + 2*j = -a. What is the highest common divisor of 13 and o?
13
Let l be 4/40*5*(-18)/(-1). Calculate the highest common divisor of 99 and l.
9
Let a = -4 + 7. Let g = 4 - a. Suppose -2*o - 2*t = -10, -2*t + 9 + 2 = 3*o. What is the greatest common factor of o and g?
1
Suppose -4*l = -2*i + 6, 12 = -0*i - 3*i - l. Let u be (-24)/9*171/i. Calculate the highest common divisor of 19 and u.
19
Let l = 28 + -19. Suppose y - 9 = l. What is the highest common divisor of y and 9?
9
Suppose 2*u - 4*u = 0. Let g = 4 - 1. Suppose u*c - 30 = -g*c. What is the greatest common factor of 2 and c?
2
Let a(z) = -z**2 + 5*z + 6. Let l be a(6). Let g(d) = d**3 - d**2 + d + 9. Let v be g(l). What is the highest common factor of v and 9?
9
Let q be (-36)/(-2 + -4) + 4. Let y = 162 - 72. What is the greatest common divisor of y and q?
10
Let a(h) = 0 - 6 - 23*h + 0. Let d be a(-4). Let t = 126 - d. Calculate the highest common divisor of t and 16.
8
Suppose -y + 2*y - 2771 = 0. Suppose -4*g - 5*i = -y, -g + 689 = -i + 3*i. Let k be g/4 - 2/(-8). Calculate the greatest common divisor of 25 and k.
25
Suppose -4*g - a = g + 36, -5*a - 5 = 0. Let x = g + 7. Let q be (-4 - x)*(-22)/4. What is the greatest common factor of q and 22?
22
Let c be -11 - -8 - 33*-1. Calculate the highest common factor of 10 and c.
10
Let k = -31 - -37. What is the highest common factor of 24 and k?
6
Suppose x = -3*x - 40. Let w be (144/10)/(x/(-50)). Calculate the greatest common divisor of 18 and w.
18
Let z = -10 + 20. Suppose v - 450 = -4*v. Calculate the highest common divisor of z and v.
10
Let j(s) = -s**2 + 15*s - 8. Let r be j(9). Calculate the greatest common divisor of 23 and r.
23
Let j(i) = -13*i + 9. Let y be j(9). Let m = 152 + y. Let b = -4 - -8. Calculate the highest commo